 = 40 - 131. What is the highest common factor of p and 312?
13
Suppose 591 + 57 = 54*y. Suppose 0*j + 16 = 4*j. Suppose 61 = 5*p + 5*k + 21, -k = -j*p + 12. What is the greatest common divisor of y and p?
4
Let t be 4/24 - (-55)/(-6). Let f(v) be the second derivative of v**3/6 + 19*v**2/2 + 7*v. Let n be f(t). Calculate the highest common factor of n and 5.
5
Let j(r) = -2*r**3 - 7*r**2 - 11*r - 4. Let z be j(-5). Calculate the greatest common divisor of z and 56.
14
Let o = -1380 + 2068. Calculate the highest common factor of o and 64.
16
Let q = 13 - 13. Suppose -4*f + 5*u = f - 950, -5*f - u + 932 = q. What is the highest common factor of 17 and f?
17
Suppose 0 = -5*j + 3*j + 102. Suppose 3*i + 6 = -5*v + 81, 0 = 2*i + 3*v - j. Let g be -1 + (40 - (-54)/9). Calculate the greatest common divisor of g and i.
15
Suppose 0 = 8*p - 319 - 249. Let i = -25 + p. Calculate the highest common factor of i and 115.
23
Suppose -3*a - 4*o + 11 = 0, 0*o = -3*a - 2*o + 13. Let s be 445/20 - 15/(-20). Suppose -a*g + 6*g = s. Calculate the greatest common factor of g and 23.
23
Suppose 2*f - 452 = -2*r, 4*r - 4*f - 902 = -7*f. What is the greatest common divisor of 84 and r?
28
Suppose -2*k + j = -161, 0 = 5*k - 6*j + 3*j - 403. Suppose 0 = -3*s + s + k. What is the highest common factor of 320 and s?
40
Let k be 756 - (162/(-9))/(-2). Calculate the highest common factor of 9 and k.
9
Suppose -52 = 14*m - 332. Calculate the greatest common factor of 40 and m.
20
Suppose 5*h + 75 = 5*l, -2*l + 5*h = -26 - 16. What is the highest common divisor of l and 22?
11
Let u be -2 + (30/(-25))/(6/20). Let m be (-143)/u + 2/(11 + 1). What is the greatest common factor of 12 and m?
12
Suppose 11*p + 4*h = 12*p - 200, -3*p = 5*h - 634. What is the greatest common divisor of p and 39?
13
Suppose -3*c - 3*g + 17 - 14 = 0, -2 = 3*c + 4*g. Let x(p) = 2*p**2 - 2*p. Let t be x(-2). Calculate the greatest common factor of c and t.
6
Let x = 60 - 34. Let v(y) = 4*y**2 - 3*y - 1. Let l be v(3). Calculate the highest common divisor of x and l.
26
Suppose 0 = -2*k + 7*k + 2*f + 247, 4*k = f - 208. Let h be 34/k - (-233)/3. Suppose -91 = -8*g + h. Calculate the greatest common factor of 168 and g.
21
Suppose -5*k + 7*k = -b + 408, b - 403 = -3*k. What is the greatest common divisor of 44 and b?
22
Let j be 92/115 - 537/15*-4. What is the highest common divisor of j and 54?
18
Suppose 40*c - 4862 = 27*c. Calculate the highest common divisor of 68 and c.
34
Suppose -3*k - 72 = -2*z, 6*z - 3*z = 5*k + 107. Let p be 14 + (-9 - 0)/3. Suppose -p - 15 = -d. Calculate the highest common divisor of d and z.
13
Let j(r) = -r**3 + 44*r**2 + 28*r + 68. Let s be j(44). What is the highest common divisor of 100 and s?
100
Suppose 3*n + 4*y - 25 = -0*y, 0 = -2*n - 2*y + 16. Suppose 8*i + 40 = 10*i. Let a = 41 - i. What is the highest common factor of n and a?
7
Let v(n) = -2*n**2 + 51*n - 12. Suppose 3*k - 17*k + 350 = 0. Let j be v(k). What is the greatest common divisor of j and 39?
13
Let l(r) = -7*r - 90. Let w be l(-30). Calculate the highest common factor of w and 15.
15
Suppose t - 4 = -t. Let r(p) = -15*p - 3. Let j be r(-1). Let n = j - -2. What is the greatest common divisor of t and n?
2
Let l = -2 + 21. Suppose 11*i - 6*i = 10. Suppose 2*f + 190 = i*k, -5*k + 4*f = -58 - 417. What is the highest common divisor of k and l?
19
Let w(p) = -4 - 2 + 13*p - 3. Let d be w(3). Calculate the highest common factor of 6 and d.
6
Let d(y) = -10*y**2 + 5*y - 4. Let g(v) = 10*v**2 - 4*v + 3. Let q(n) = 5*d(n) + 6*g(n). Let f be q(-5). Calculate the greatest common factor of f and 27.
27
Let c = -2 - -11. Let d be (c - 2) + -1 - -2. Let s be (-3)/(105/(-48) + 2). What is the greatest common divisor of s and d?
8
Suppose -351 = -205*x + 192*x. Calculate the greatest common factor of x and 342.
9
Let u(n) = -6*n**3 - 3*n**2 - n + 2. Let r be u(-3). Let v = r + -15. Let y = 84 + -59. Calculate the highest common factor of v and y.
25
Let p be ((-146)/(-73))/((-1)/(-77)). Calculate the highest common factor of p and 28.
14
Let y be -12*(-5 + (-64)/(-12)). Let n be (-1)/(1/(-108)) + (0 - y). What is the greatest common factor of n and 16?
16
Let d = 58 - 28. Calculate the greatest common divisor of d and 45.
15
Suppose -2*p + f - 1 = 0, 0 = 2*f - f - 1. Suppose p = 4*s - 70 - 18. What is the highest common divisor of s and 66?
22
Let d(v) = 90*v + 2. Let a be d(1). Let q(g) = 4*g**2 - 4*g - 30. Let r be q(7). What is the greatest common divisor of r and a?
46
Suppose -3*d - 245 = 3*c - 1010, 0 = -d + 5*c + 237. What is the highest common divisor of 28 and d?
28
Let z = -428 + 486. Calculate the highest common divisor of 29 and z.
29
Let u = -58 - -58. Suppose -i + 6*i - 35 = u. Calculate the highest common factor of i and 1.
1
Suppose 0 = 19*h - 22*h + 225. What is the greatest common factor of 30 and h?
15
Let b = -472 - -478. Calculate the highest common factor of 330 and b.
6
Let f be (-4 - 152/(-36)) + (-528)/(-54). What is the greatest common divisor of f and 1450?
10
Let t(y) = 29*y - 221. Let s be t(19). What is the highest common divisor of 60 and s?
30
Suppose y - 13 = -2. Let u = y + -7. Suppose g + 4 = 0, 0 = 4*n - u*g - 36 - 288. What is the highest common divisor of n and 7?
7
Suppose 0 = 3*x - 5*g + 2, -x + 2*g = x. Let a = 29 + x. Calculate the highest common divisor of 5 and a.
5
Let l(m) = 2*m**2 - 86*m + 263. Let i be l(41). What is the greatest common divisor of 117 and i?
9
Let b = -185 - -491. Calculate the highest common factor of 54 and b.
18
Suppose -t + 6*t + 37 = 2*n, -5*n + 5*t + 55 = 0. What is the highest common factor of n and 14?
2
Let d be 3/12 - ((-3)/4 - 2). Suppose -5*b - o + 64 = -11, 30 = 2*b - d*o. What is the highest common factor of 20 and b?
5
Let b be ((-3)/2 + 2)*(18 - 10). Suppose r - 382 = 2*k - 7*k, -b*k = 2*r - 308. What is the greatest common factor of 19 and k?
19
Let s(q) = -23*q**3 + 2*q**2 + 2*q + 1. Let t be s(-1). Let v be 4/(-22) - 192/(-88). Let a be v/7 - 3020/(-14). What is the highest common divisor of a and t?
24
Let q be (-564)/(-10) + 4/(-10). Suppose 14 + q = 2*z. Suppose 4*k = -3 + z. What is the highest common factor of 4 and k?
4
Let z = 8 - 5. Suppose -27 = -4*q - u, 0 = -u - 0 + z. Let b = -278 + 308. What is the greatest common divisor of q and b?
6
Let h = -362 + 474. Calculate the highest common divisor of h and 70.
14
Suppose -6*t + 20 = -10. Let x = 16 - t. What is the highest common factor of 55 and x?
11
Let q be (-1 - 10/4)/((-2)/4). Suppose q = 2*i + 3*m, 3 + 2 = -m. Suppose 0 = 2*g + 3*g - 550. Calculate the highest common divisor of g and i.
11
Let u = 119 - -11. Let o be ((-128)/(-40))/(2/u). Calculate the highest common divisor of o and 26.
26
Let m = 18 + -27. Let f = m + 45. Suppose -2*t = 4*b - 34, -5*b - 5*t = -0*t - 40. Calculate the highest common divisor of f and b.
9
Let q(n) = -4*n + 0*n - 5*n - 20 - 3*n. Let f be q(-7). Suppose 0*k + g + 30 = 2*k, 2*g + 28 = 2*k. What is the greatest common divisor of k and f?
16
Let i be (-4)/2*39/(-6). Let f be 45*-4 - 0/1. Let y = -63 - f. Calculate the greatest common divisor of y and i.
13
Suppose 0 = -s, 0 = 5*j - 0*s + 5*s + 185. Let b = -27 - j. Let i(t) = -t**3 - 4*t**2 + 7*t. Let f be i(-6). What is the highest common divisor of b and f?
10
Let r(q) = 42*q**3 - q**2 + q + 1. Let p be r(1). What is the greatest common factor of 301 and p?
43
Let t(i) = 1 - 2*i - 1 - 11 - 4*i. Let j be t(-8). Suppose -j = -2*s - 1. What is the highest common factor of 144 and s?
18
Suppose r - 4 + 2 = 0. Suppose r*d + 6 = 5*d. What is the greatest common factor of 14 and d?
2
Suppose 5*c + 3*m - 284 = 490, 0 = -5*c + 3*m + 726. Suppose 0 = 3*f - 18 - 0. Calculate the greatest common divisor of c and f.
6
Suppose -12*a = -1157 + 65. What is the highest common divisor of 130 and a?
13
Suppose 15*d - 20*d = 3*l - 1148, -5*d + 1168 = -2*l. What is the highest common factor of 87 and d?
29
Let v(u) = u**3 - u**2 + 1. Let d(p) = -p**3 + 14*p**2 + 21*p + 9. Let i(c) = d(c) + 2*v(c). Let m be i(-10). What is the greatest common divisor of 5 and m?
1
Let x = -3 - 86. Let p = 105 + x. Suppose -3 = -2*y + 13. Calculate the highest common factor of p and y.
8
Suppose 0 = -2*j - 68 + 16. Let w = 40